 62 a factor of 283464?
True
Is 1117 a factor of 3858118?
True
Is 46 a factor of 378580?
True
Is 5 a factor of 5750?
True
Does 78 divide 234546?
True
Is 2291847 a multiple of 183?
False
Is 14 a factor of 269311?
False
Is 58 a factor of 2923886?
False
Is 32 a factor of 265888?
True
Does 2 divide 40544?
True
Is 338640 a multiple of 85?
True
Is 1439524 a multiple of 159?
False
Is 116 a factor of 21207122?
False
Is 196 a factor of 7630476?
True
Is 65712 a multiple of 374?
False
Does 226 divide 805238?
True
Is 1409076 a multiple of 18?
True
Is 33 a factor of 314707?
False
Does 541 divide 245073?
True
Is 3478 a multiple of 416?
False
Is 22 a factor of 120580?
False
Is 783 a factor of 720965?
False
Does 12 divide 2090106?
False
Is 1592604 a multiple of 246?
True
Is 32511 a multiple of 12?
False
Does 13 divide 29504791?
False
Is 10 a factor of 43951?
False
Is 1517620 a multiple of 10?
True
Does 49 divide 292383?
True
Is 59 a factor of 10229243?
True
Does 72 divide 1911322?
False
Is 328659 a multiple of 13?
False
Is 177 a factor of 634849?
False
Does 21 divide 4575897?
False
Is 126 a factor of 299376?
True
Is 2449029 a multiple of 421?
False
Is 479 a factor of 244113?
False
Is 14 a factor of 654543?
False
Is 137558 a multiple of 610?
False
Does 13 divide 99892?
True
Is 6 a factor of 149010?
True
Is 875754 a multiple of 90?
False
Does 4 divide 826004?
True
Does 10 divide 184451?
False
Is 666464 a multiple of 353?
True
Does 101 divide 60288?
False
Does 17 divide 5546403?
True
Is 193321 a multiple of 97?
True
Is 14592 a multiple of 12?
True
Is 7 a factor of 814716?
True
Is 392028 a multiple of 546?
True
Does 855 divide 1452047?
False
Is 1008 a factor of 1280160?
True
Is 439505 a multiple of 5?
True
Is 756903 a multiple of 57?
True
Is 10 a factor of 2768930?
True
Does 231 divide 974589?
True
Is 11481 a multiple of 63?
False
Is 18 a factor of 2475430?
False
Is 16902 a multiple of 313?
True
Is 413 a factor of 335077?
False
Does 25 divide 221586?
False
Does 430 divide 52030?
True
Is 936628 a multiple of 77?
True
Is 24 a factor of 13128?
True
Does 9 divide 6162207?
False
Is 8 a factor of 1559709?
False
Is 54 a factor of 76194?
True
Does 321 divide 23002878?
False
Is 1180872 a multiple of 142?
True
Is 3147501 a multiple of 815?
False
Is 42 a factor of 97355?
False
Is 32 a factor of 7114688?
True
Is 1506561 a multiple of 181?
False
Does 37 divide 8797786?
True
Is 19 a factor of 128687?
True
Does 2 divide 23842?
True
Is 345552 a multiple of 92?
True
Does 48 divide 2157055?
False
Is 47044 a multiple of 28?
False
Is 401756 a multiple of 188?
True
Does 28 divide 2273236?
True
Does 187 divide 2110295?
True
Is 13764960 a multiple of 99?
True
Is 2 a factor of 97342?
True
Is 356185 a multiple of 476?
False
Does 51 divide 102927?
False
Does 18 divide 1839515?
False
Does 817 divide 483972?
False
Is 221 a factor of 78809?
False
Does 51 divide 1321359?
True
Is 9 a factor of 22662?
True
Does 1481 divide 14064260?
False
Does 10 divide 1888407?
False
Does 1836 divide 19793916?
True
Is 65 a factor of 785764?
False
Is 648 a factor of 176342?
False
Is 659272 a multiple of 184?
True
Does 21 divide 185514?
True
Does 42 divide 817278?
True
Is 96 a factor of 80832?
True
Does 24 divide 3149833?
False
Is 203 a factor of 19678831?
False
Is 43 a factor of 353436?
False
Is 187 a factor of 935935?
True
Is 2 a factor of 438854?
True
Is 72 a factor of 161883?
False
Is 6547226 a multiple of 777?
False
Is 34488 a multiple of 6?
True
Is 259644 a multiple of 66?
True
Is 2371008 a multiple of 192?
True
Is 4 a factor of 78509?
False
Does 36 divide 409559?
False
Is 19 a factor of 262808?
True
Is 18798303 a multiple of 73?
True
Is 103018 a multiple of 38?
True
Does 25 divide 161842?
False
Does 8 divide 1503152?
True
Does 23 divide 6125382?
False
Is 564145 a multiple of 17?
True
Does 17 divide 39759?
False
Does 139 divide 4339603?
False
Is 190154 a multiple of 15?
False
Is 907027 a multiple of 139?
False
Does 47 divide 100445?
False
Is 1274745 a multiple of 51?
True
Does 398 divide 3997512?
True
Is 408320 a multiple of 145?
True
Does 91 divide 188006?
True
Is 108 a factor of 11757823?
False
Is 869 a multiple of 5?
False
Does 1020 divide 9017820?
True
Is 31 a factor of 798591?
True
Does 30 divide 100541?
False
Is 6 a factor of 807528?
True
Is 2775763 a multiple of 34?
False
Does 111 divide 2718807?
False
Is 89320 a multiple of 5?
True
Is 13 a factor of 2914482?
False
Does 26 divide 1581565?
False
Does 1185 divide 2729298?
False
Is 71202 a multiple of 8?
False
Is 3 a factor of 132501?
True
Is 5635797 a multiple of 6?
False
Does 101 divide 119180?
True
Does 1093 divide 2879969?
False
Is 82 a factor of 242242?
False
Is 65 a factor of 1078415?
True
Is 4008759 a multiple of 147?
False
Is 89393 a multiple of 219?
False
Is 1135176 a multiple of 168?
True
Does 14 divide 1874540?
False
Does 8 divide 5494029?
False
Is 24 a factor of 8736?
True
Is 4433752 a multiple of 29?
True
Does 31 divide 646164?
True
Is 17 a factor of 8817941?
False
Does 1129 divide 14971669?
True
Is 18 a factor of 1222056?
True
Is 45 a factor of 1521695?
False
Does 1092 divide 13645591?
False
Is 9 a factor of 636138?
True
Is 969 a factor of 16237437?
False
Is 97066 a multiple of 3?
False
Is 268947 a multiple of 21?
True
Is 17 a factor of 96407?
True
Is 372 a factor of 194928?
True
Is 841613 a multiple of 184?
False
Does 9 divide 2017047?
False
Is 3075669 a multiple of 96?
False
Is 73326 a multiple of 202?
True
Is 26 a factor of 33164381?
False
Does 23 divide 70886?
True
Is 67200 a multiple of 480?
True
Is 316484 a multiple of 28?
True
Is 744656 a multiple of 22?
True
Is 222951 a multiple of 90?
False
Is 26144 a multiple of 18?
False
Is 7 a factor of 324597?
True
Does 956 divide 3780024?
True
Is 494343 a multiple of 81?
True
Is 143 a factor of 218790?
True
Does 11 divide 2809286?
False
Is 19 a factor of 16691202?
False
Is 95 a factor of 1496535?
True
Is 27 a factor of 6678276?
False
Is 873 a factor of 6254172?
True
Is 15746922 a multiple of 18?
True
Does 125 divide 108375?
True
Is 528900 a multiple of 300?
True
Does 15 divide 421253?
False
Is 75 a factor of 779700?
True
Does 187 divide 112356?
False
Is 1180 a factor of 3125820?
True
Is 8 a factor of 8143496?
True
Does 13 divide 49374?
True
Is 516474 a multiple of 7?
True
Is 1561837 even?
False
Is 21 a factor of 4044635?
False
Is 19840105 a multiple of 598?
False
Does 23 divide 768407?
True
Is 516 a factor of 2979595?
False
Does 6 divide 1380?
True
Is 17350 a multiple of 25?
True
Is 137761 a multiple of 100?
False
Is 49440 a multiple of 12?
True
Is 6179 a multiple of 4?
False
Does 54 divide 3242722?
False
Does 103 divide 39655?
True
Is 460 a factor of 1467726?
False
Is 3 a factor of 19828?
False
Is 1390773 a multiple of 28?
False
Is 270000 a multiple of 34?
False
Does 10 divide 1001900?
True
Is 175222 a multiple of 12?
False
Does 143 divide 328371?
False
Is 818202 a multiple of 69?
True
Is 3588266 a multiple of 5?
False
Is 17 a factor of 7199897?
False
Does 43 divide 1652228?
False
Is 9591845 a multiple of 851?
False
Is 53 a factor of 2837792?
False
Is 368 a factor of 2021792?
True
Is 1194058 a multiple of 49?
False
Is 5986875 a multiple of 75?
True
Is 1444 a factor of 411400?
False
Does 20 divide 68200?
True
Is 6574719 a multiple of 11?
False
Does 797 divide 1483046?
False
Is 89 a factor of 127003?
True
Does 47 divide 410121?
False
Does 62 divide 3457058?
True
Does 7 divide 6526785?
False
Is 5 a factor of 3969741?
False
Does 11 divide 1709235?
True
Is 633736 a multiple of 296?
True
Is 176065 a multiple of 23?
True
Does 50 divide 111393?
False
Is 61 a factor of 17141?
True
Is 8994061 a multiple of 1457?
True
Is 142226 a multiple of 14?
True
Is 1071873 a multiple of 401?
True
Does 266 divide 2247168?
True
Is 21 a factor of 33621?
True
Is 30639770 a multiple of 89?
False
Is 26 a factor of 418730?
True
Does 13 divide 1131637?
True
Is 33 a factor of 948?
False
Is 4 a factor of 61190?
False
Is 1005530 a multiple of 193?
True
Does 63 divide 690543?
True
Is 17691 a multiple of 21?
False
Does 210 divide 502068?
False
Is 1382381 a multiple of 34?
False
Does 44 divide 239976?
True
Does 160 divide 19200?
True
Is 17 a factor of 60123?
False
Does 17 divide 4221461?
False
Does 25 divide 90725?
True
I